pose 2*l = 3*i + 3 - 15, 8 = 2*i - 5*l. Let t be 6 - (-1 + i - 1). List the prime factors of 52/t + -2 + 0.
11
Let v = -6 - -10. Suppose -v*s + 35 = s. What are the prime factors of s?
7
Let f = -79 + 156. List the prime factors of f.
7, 11
Let a(t) = 2*t + 28. What are the prime factors of a(-9)?
2, 5
Let v = -37 + 97. Suppose v = -3*t - t. What are the prime factors of 1/(-2 + (-33)/t)?
5
Let i(a) be the second derivative of -7*a**3/3 - 6*a. List the prime factors of i(-1).
2, 7
Let o(b) = -b**3 + 5*b**2 + 8*b - 6. Let n be o(6). Let g(u) = -u**2 + 9*u - 6. What are the prime factors of g(n)?
2, 3
Let h(c) = 12*c**2 + 2*c + 4. Let z(q) = q**2 - 1. Let j(t) = h(t) + z(t). List the prime factors of j(-2).
3, 17
Let i = 92 + -66. List the prime factors of i.
2, 13
Let a(l) = -14*l - 3. List the prime factors of a(-6).
3
Let w = -48 - -70. What are the prime factors of w?
2, 11
Suppose 15 = -2*r + 127. What are the prime factors of r?
2, 7
Let y = -4 - -3. Suppose 0 = 5*s - 4*m - 22, -3 + 12 = -3*m. List the prime factors of s/3*(-9)/y.
2, 3
Suppose c = -2*g - c + 2, 22 = 4*g - 5*c. Suppose g*u - 33 = -h, h - 3*u - 39 = -h. What are the prime factors of h?
2, 3
Let j(s) be the first derivative of s**4/4 - 5*s**3/3 - s**2 - 3*s - 4. List the prime factors of j(6).
3, 7
What are the prime factors of ((-18)/15)/(1/(-10))?
2, 3
Let t(y) = -12*y - 1. Let a be t(-1). Let h = 17 - a. List the prime factors of h.
2, 3
Suppose 3*c = s - 36, 2*s + 2*c = -0*s + 48. Suppose -53 = -5*o + 2*z + s, -3*o + z + 48 = 0. What are the prime factors of o?
2
Suppose -5*d + 3*d = -x - 16, 62 = 5*d + 3*x. What are the prime factors of d?
2, 5
Let m(t) = 2*t - 9. Let z be m(7). Let o(k) = 2*k**2 - 6*k - 2. List the prime factors of o(z).
2, 3
Suppose 0 = -2*o + 11 - 1. Suppose 0 = -o*t + 190 - 50. What are the prime factors of t?
2, 7
Let s(i) = -2*i - 10. List the prime factors of s(-6).
2
Let w = 76 + -20. List the prime factors of w.
2, 7
List the prime factors of ((-2 - 184/(-12)) + 1)*3.
43
What are the prime factors of (-108)/(-15)*90/12?
2, 3
Let b(l) = -l + 3. Let m be b(3). Suppose -n - 4*h + 13 = -m*n, 5*n + 2*h = 83. List the prime factors of n.
17
What are the prime factors of 18/(-45) - (-282)/5?
2, 7
Let a = 19 + -38. Let f = -11 - a. List the prime factors of f.
2
Suppose c + 42 = -3*x, 2*x = -4*c - 3*x - 147. Let g be (-4)/22 - (-93)/c. List the prime factors of (-4 + 1)*g/1.
3
Suppose -t = -3*t + 4. Suppose 0*s = -t*v + 2*s + 22, -4*v + 12 = 4*s. List the prime factors of v.
7
List the prime factors of 7*20*(-102)/(-85).
2, 3, 7
Let b be 1/6 - 33/(-18). Suppose 0 = -b*h + 2, h = -2*u + 7 - 30. List the prime factors of (-201)/u + (-2)/(-8).
17
What are the prime factors of ((-3)/1 - -2) + 28?
3
Let s(z) = 3*z + 2. Let g be s(2). Suppose -5*y + 23 = g. Suppose 4*f - y*x - 32 = 0, f + 5*x = -1 + 9. List the prime factors of f.
2
Let d(x) = -x**3 + 7*x**2 + 3. Let r be d(7). Suppose 3*c = -j + 32, 5*j + 41 = 3*c - 15. Suppose 0 = r*u - 12 - c. What are the prime factors of u?
2
Suppose 0 = -2*z - 5*o + 104, 3*o + 2*o = 10. Let x be 101/(-3) - 4/(-6). Let p = x + z. List the prime factors of p.
2, 7
Suppose -5*r - 4 = -24. List the prime factors of 35/10*r/2.
7
Suppose 4*j - 26 = 6*j. Let y = 23 + j. List the prime factors of y.
2, 5
Suppose -3*z - 19 = -1. Let s = z - -8. Suppose 2*w - 3*q = -s + 1, -4*w + 8 = -4*q. List the prime factors of w.
7
What are the prime factors of 1*13*6/6?
13
Suppose 5*b + 18 - 3 = 0. Let z(m) = -9*m - 4. List the prime factors of z(b).
23
Let z(b) = b**2 - b - 3. Suppose -71 - 65 = -4*v. Suppose -v = q + 5*f - 11, 2*q - 14 = 5*f. List the prime factors of z(q).
3
Suppose 5*n = -10, n + 0*n - 61 = -3*b. Let m = b - 7. List the prime factors of m.
2, 7
Let w(h) = 3*h**2 - 3*h - 3. Let j be w(-2). Let z = -22 + 48. Let p = z - j. List the prime factors of p.
11
Suppose -15*m - 1014 = -2994. What are the prime factors of m?
2, 3, 11
Let s be 190/6 - (-7)/21. Let y = 50 - s. List the prime factors of y.
2, 3
Suppose 5*a = 6*a - 25. What are the prime factors of a?
5
Let y(x) = -4*x - 1. Let t be y(-1). Suppose t*b - 16 = 8. What are the prime factors of b?
2
Let w(b) = -17*b - 5. What are the prime factors of w(-4)?
3, 7
Suppose -5*n + 14 - 4 = 0. What are the prime factors of n?
2
Suppose 5*o - 70 = u, -6*o + 4*o + 46 = -4*u. Suppose a + 0*a - o = 0. Let v = a + -6. List the prime factors of v.
7
Suppose -z = -9 - 24. List the prime factors of z.
3, 11
Suppose -2*a - 12 = -6*a. Let i(p) = p**2 + 12 - 2*p + 0*p**2 + 3*p - p**a. What are the prime factors of i(0)?
2, 3
Suppose 0 = -5*v + 12 + 33. Let a = 49 - v. Let d = 56 - a. List the prime factors of d.
2
Suppose 6 = 4*h - h. Suppose h*f = -5*x + 22, f = -0*f - 4. What are the prime factors of (-28)/(-8) - (-3)/x?
2
Let q be ((-20)/3)/(2/6). Let v = -10 - q. List the prime factors of v.
2, 5
Suppose q + 4 + 5 = 0. Let p = q - -18. What are the prime factors of p?
3
Let m(n) = -7*n + 9 - 2*n**3 - n**3 + 4*n**3 - 5*n**2. Let s = -1 + 7. What are the prime factors of m(s)?
3
Let s = 6 - 15. Let r(g) = g**3 + 8*g**2 - 12*g + 2. What are the prime factors of r(s)?
29
Suppose -2*g - 10 = -o, -o + 4*g + 2 = -0. Let x = o - 13. List the prime factors of x.
5
Let l(a) be the third derivative of a**4/24 + 4*a**3/3 + 4*a**2. Let v be l(-6). Suppose -v*s + 24 = s. What are the prime factors of s?
2
List the prime factors of (-23)/(-4) - (-4)/16.
2, 3
Suppose -4*l + 166 = 2*z, -4*z - 163 = -4*l - 3. What are the prime factors of l?
41
Let l(j) = -j**3 + j**2 + j + 1. Let r(p) = 5*p**3 - 12*p**2 - p - 9. Let g(f) = 6*l(f) + r(f). List the prime factors of g(-7).
11
Let i be 3/(-2)*(-5 + -1). Let m be 1*i*(-13)/(-3). Suppose 4*y - 9 - m = 0. List the prime factors of y.
2, 3
Let x(g) = -6 + g**2 - 5 - 9*g - 2*g**2 + 1. List the prime factors of x(-7).
2
Suppose -2*x = t - 2, 5*t + 1 + 3 = 4*x. What are the prime factors of (-25 - -2)/(t + -1)?
23
Let d be (0 + 12/8)*(-8)/6. Let n = -20 - -4. List the prime factors of 0/(1 - d) - n.
2
Suppose 5*b + 41 = -34. Suppose 0*o + 2*p - 82 = -3*o, 5*o + 5*p = 145. Let f = b + o. What are the prime factors of f?
3
Let m be 1*3/(-1) + 72. What are the prime factors of m/(-12)*(-8)/2?
23
Suppose g = 5*b + 27, b + 4*b = 5*g - 35. Suppose 2*r = g + 22. Suppose z = 4*p - 14 + 40, r = -4*p. What are the prime factors of z?
2, 7
Let t be (25/(-10))/((-1)/(-14)). Let x = t + -9. Let b = -21 - x. What are the prime factors of b?
23
Let g(o) = -45*o**2 + o. Let s be g(1). Let p be 4/(-10) + s/(-10). Suppose -5*c + 1 = -3*n, 0 = -p*c + 8 + 12. What are the prime factors of n?
2
Suppose -6*x - 21 + 183 = 0. List the prime factors of x.
3
Let p = -8 + 15. Let s = p + -4. What are the prime factors of s?
3
Suppose 3475 = 18*r + 163. List the prime factors of r.
2, 23
Suppose -12*n + 1832 = -4*n. What are the prime factors of n?
229
Suppose 59 = -w + 23. Let s = -22 - w. What are the prime factors of s?
2, 7
Let q = -1 + 1. Suppose o - 4*t + t - 22 = q, -o + 32 = -5*t. List the prime factors of o.
7
Let t(m) = -23*m - 10. Let f(n) = 12*n + 5. Let d(b) = 7*f(b) + 4*t(b). Let r be d(-6). Let a = r + -23. List the prime factors of a.
2, 5
Let f(a) = -a**3 - 4*a**2 + 2*a. Let g be f(-5). Let j = 28 - g. Suppose -s + 4*c + j = 0, 5*s - 5*c + 33 - 98 = 0. List the prime factors of s.
13
Let a(b) = -9*b - 4. Let y(w) = -8*w - 4. Let x(g) = 4*a(g) - 5*y(g). List the prime factors of x(7).
2
Let a = 132 + -90. Suppose 0 = -2*x + 4*l + a, -4*l = 4*x - l - 106. List the prime factors of x.
5
Let k(b) = b**3 + 8*b**2 + 5*b + 6. List the prime factors of k(-7).
2, 5
Let u(o) = -7*o + 3. Let n be u(2). Suppose s - 2*l + 5 + 10 = 0, -4*l - 5 = 3*s. Let f = s - n. List the prime factors of f.
2
Let y be (-20)/(-6) - 3/9. Suppose 0 = -2*z - 2*p + 2, 3*p + 5 = 3*z - 4. Suppose -2*u - c + 17 = 0, y*c - c + z = 2*u. List the prime factors of u.
2, 3
Suppose -u = f - 32 + 2, 5*u + f - 170 = 0. List the prime factors of u.
5, 7
Suppose 0 = -4*h - 3*r - r + 132, -4*r = 5*h - 168. List the prime factors of h.
2, 3
Let b(o) be the first derivative of o**4/4 + 5*o**3/3 - 5*o**2/2 - 3*o - 3. Let c be b(-6). Let i = -3 - c. List the prime factors of i.
2, 3
Let w be 4/(-2) + 11 + -3. What ar